its digit of 194/w + 2/r?
4
Suppose -2*b + 3*b = 4. Suppose b = -c + 60. What is the tens digit of c?
5
Let q(o) = o + 5. Let a be q(10). Let h = a - 14. What is the units digit of h?
1
Let h = 1111 - 628. Suppose h + 975 = 9*f. What is the tens digit of f?
6
Let j(f) = -f**3 - f**2 + f + 28. Let n be j(0). Let b be (-1)/6 - (-1)/6. Suppose b = w - 5*k - 7, -4*w - 3*k + k + n = 0. What is the units digit of w?
7
Let x(z) = 4*z**2 + 1. Let u be x(1). Suppose -41*t = i - 43*t - 170, -4*i = -3*t - 655. Suppose -u*s = -s - i. What is the tens digit of s?
4
Let r be ((-18)/(-4)*-1)/((-6)/(-8)). What is the tens digit of 24/12*((-687)/r + -2)?
2
Suppose -4*c + 4*j = -12416, -4*c + 1225 = 4*j - 11199. What is the thousands digit of c?
3
Let p be ((-48)/30)/(2/(-5)). Suppose 4*f = 3*x - 12 - 0, -2*f - p = -x. Let c(u) = -u**2 - u + 13. What is the tens digit of c(f)?
1
Let d be 6/(-14) - (-156)/21. Suppose -30 = -d*a + 4*a. Let s = a + 7. What is the units digit of s?
7
Let l(f) = f**2 + 12*f - 8. Let j be l(-13). Let m be 18/3*(-5)/(-6). Suppose -m*d + 10 = j*h - 25, -3*d = 4*h - 27. What is the units digit of h?
6
Suppose 17 + 1 = -3*y + 3*k, -30 = 5*y + k. Let f = 27 - 23. Let r = f - y. What is the units digit of r?
0
Let s be -3 + ((-5)/(-4))/(2/(-32)). Let j = s - -94. What is the units digit of j?
1
Suppose 0 = 3*h - 2*n + 148, 4*h + 16 = 3*n - 182. Let b = 101 + h. What is the units digit of b?
3
Suppose -2*g + q + 911 = 0, 70 = -2*g + 5*q + 961. What is the hundreds digit of g?
4
Let y = -1585 + 2281. What is the tens digit of y?
9
Let s = 299 - 223. What is the units digit of s?
6
Suppose v + 5*a + 18 = 0, -8*v - 2*a + 2 = -3*v. What is the units digit of (1 + -15)*(-14)/v?
8
Let i = 5397 - 3142. What is the hundreds digit of i?
2
Let s be -200 + (10/(-8) - 33/44). Let d = 461 + s. What is the hundreds digit of d?
2
Let y(m) = 4*m**2 - 3*m + 2. Let l be y(-5). Let q = l + -29. Suppose 6*j - 2*j = q. What is the tens digit of j?
2
Suppose 4*x = -x + 695. What is the units digit of x?
9
Suppose i + 0*b + b = 3, 5*i - 23 = 3*b. Let s be 1 - 1/1 - -3. Suppose 111 = i*f + 2*u - s*u, 2*f - 51 = -u. What is the tens digit of f?
2
Let t(c) = -c**3 - 5*c**2 - 4*c - 7. Suppose -9 = -4*l - 21. Let y = -8 - l. What is the tens digit of t(y)?
1
Suppose -2*d + 3*c + 0*c + 973 = 0, d + 3*c - 464 = 0. What is the hundreds digit of d?
4
Let n(v) = -v**3 + 3*v**2 - v + 7. Let g be n(4). What is the units digit of (-1)/(-2)*6 + 15 + g?
5
Let a(c) = -c**3 - 24*c**2 - 18*c - 65. What is the hundreds digit of a(-24)?
3
Suppose 16 = 4*p, 0 = 4*g - 3*p - 2*p - 1880. What is the hundreds digit of g?
4
Let u be (17 + -8)*4/18. Suppose u*c - 19 - 5 = 0. What is the tens digit of c?
1
Let r = -65 + 107. Suppose -37*b = -r*b + 100. What is the tens digit of b?
2
Let g = 37 + -13. Suppose -g - 10 = -o. What is the units digit of o?
4
Let a = 825 + -470. What is the tens digit of a?
5
Let d = -6 - -16. Let g be 10/(-25) + (-546)/d. Let b = g - -92. What is the units digit of b?
7
Suppose -2*w + 5*p + 504 = -w, -3*w = -3*p - 1476. What is the tens digit of w?
8
Let h(d) = 3*d**2 + 34*d - 70. What is the hundreds digit of h(-27)?
1
Suppose -739 = -9*n - 235. What is the tens digit of n?
5
Suppose -1 + 4 = z. Suppose 5*d = -0*c - 4*c + 409, -5*c + z*d + 465 = 0. What is the tens digit of c?
9
What is the tens digit of (653/1)/((-68)/(-68))?
5
Let t(w) = 2*w**2 + 4*w - 1. Let o be t(-3). Suppose -74 = -6*c + 3*c - 4*j, 4*c + o*j = 98. What is the tens digit of c?
2
Let a(k) = -k**3 + 14*k**2 + 4*k - 39. What is the tens digit of a(7)?
3
Let l(z) be the first derivative of z**4/4 - z**3 - 9*z**2/2 + 6*z + 1. Let n = 180 + -175. What is the units digit of l(n)?
1
What is the units digit of (2/3)/((-1)/(-180))?
0
Suppose -3*d - t = -1051, -5*d + 1403 = -d + t. What is the units digit of d?
2
Suppose -10*x + 408 = -8*x. What is the tens digit of x?
0
Suppose -9*c + 4 = -13*c. Let x be (-57)/(c/(-2)*2). What is the units digit of (x/(-6))/(1/2)?
9
Suppose -2*h = -5*d - 2881, -2*d + 4 = -2. What is the units digit of h?
8
Suppose 2*o + 2*z - 1 = z, -2*o - 2*z = 2. Let k(v) = 18*v**2. What is the tens digit of k(o)?
7
Suppose 5*c = -2*k + 19, 10 = 2*c - k + 3*k. Suppose -2*s = -s + c, -4*i + 679 = -5*s. What is the hundreds digit of i?
1
Let f = 45 - 38. Suppose 966 = -b + f*b. What is the tens digit of b?
6
Suppose -72 = 2*z + 4*m, -5*z + 3*z - m = 84. What is the tens digit of (-11)/z - (-158)/8?
2
Suppose -q = 4 - 5. Let p(y) = -y**3 + 2*y - 1. Let k be p(q). Suppose k*j + 3*u - 84 = -3*j, 0 = 4*u - 4. What is the units digit of j?
7
Suppose 3*p - 3 = 3. Suppose p*w + 2*w = 160. Suppose 3*f - w = -2*f. What is the units digit of f?
8
Let y(k) = 12*k**2 - 6*k - 23. Let v be y(-4). Let o = 328 - v. What is the units digit of o?
5
Let i(y) = -y**3 + y**2 + y + 10. Suppose d = -0*d - 2*v + 5, 0 = 4*d + 2*v - 20. Suppose -d*j + 10 = 0, 0*p - p - 2 = -j. What is the units digit of i(p)?
0
Suppose -23 = -5*n + 3*h + 3, 5*n - 28 = 4*h. Suppose n*q = -q + 10. What is the units digit of (-6)/q*(-18)/27?
2
Suppose 29*x = 19*x + 9140. What is the units digit of x?
4
Suppose -5*t + 379 = 4*w, 71 = 5*t - 4*t - 4*w. What is the units digit of t?
5
What is the hundreds digit of 336 - 6/(-2) - 3/(-1)?
3
Let k(z) = 2*z**2 + 8*z - 12. Suppose 0 = 2*v + r + 23, 5*v - r = 2*r - 52. What is the hundreds digit of k(v)?
1
Suppose 23*s = 8045 + 4260. What is the hundreds digit of s?
5
Let q = -17 + -15. What is the tens digit of (184/q)/(2/(-56))?
6
Let m = 5757 - 2157. What is the units digit of m?
0
Suppose 4782 = 23*g - 17*g. What is the tens digit of g?
9
Let p(o) be the third derivative of 87*o**5/20 - o**4/8 + o**3/3 + 44*o**2. What is the tens digit of p(1)?
6
Let j = -182 + 153. Let s be 11/(-2)*4/2. Let d = s - j. What is the units digit of d?
8
Let k(g) = -3*g**2 + 93*g + 12. What is the hundreds digit of k(27)?
3
Suppose 2*l - v = -2*v + 11, v + 1 = 2*l. Let c(s) = 6*s**2 - 9*s + 3. What is the tens digit of c(l)?
3
Let k = 99 - 87. What is the units digit of k?
2
What is the hundreds digit of 1545*((-8)/14)/((-120)/140)?
0
Suppose 0 = -3*v - 6*d + 3*d, v + 5*d = -20. Suppose 38 = 4*u + 34. What is the tens digit of v + -4 + (u - -9)?
1
Suppose 5219 - 28996 = -31*h. What is the tens digit of h?
6
Suppose 8 = 5*m - 3*m - l, 0 = 2*m - 4*l - 20. Suppose d = 5*z + 90, m*z - 6*z + 175 = 3*d. What is the tens digit of d*(1 - 2)*-1?
6
Suppose 26*o - 826 = 19*o. Let l = o + 89. What is the hundreds digit of l?
2
Let v = -41 - -43. Suppose c = 2*n + 21, -v*n = 5*c - 5*n - 140. What is the tens digit of c?
3
Let z = 233 - 159. What is the units digit of z?
4
Let b(f) = 92*f + 42. What is the hundreds digit of b(5)?
5
Let p(f) = 51*f**3 + 4*f**2 - 8*f + 4. What is the tens digit of p(2)?
1
Let s = 123 - -369. What is the units digit of s?
2
Let p = -29 - -31. Let o = -1 - p. Let x(l) = -l**3 + 3*l**2 + l - 5. What is the tens digit of x(o)?
4
Suppose 5*q + 8 = 198. Suppose -106*v = -107*v + q. What is the units digit of v?
8
Suppose -677*v + 676*v = -956. What is the hundreds digit of v?
9
Suppose 6 + 8 = 2*s. Suppose -f = -4*b - 31, -s = 4*f + 13. Let h(i) = i**3 + 11*i**2 + 14*i + 6. What is the tens digit of h(b)?
4
Suppose 0 = 3*w + 187 - 1081. What is the units digit of w?
8
Let o(b) = 77*b**3 - 4*b**2 - 5*b + 4. Let p(l) = 39*l**3 - 2*l**2 - 2*l + 2. Let s(g) = 3*o(g) - 7*p(g). What is the tens digit of s(-1)?
4
Let u(a) = -a**3 - 13*a**2 + 31*a + 8. Let n be u(-15). Let f(m) = -m + 21. What is the tens digit of f(n)?
2
Let a = 1 + 9. Suppose -5*n + 0 + a = 0. Suppose -2*c = -2*b + c + 78, 2*b - 74 = n*c. What is the tens digit of b?
3
Let s = 14 - 22. Let l(v) be the first derivative of v**3/3 + 5*v**2/2 - 3*v - 2. What is the tens digit of l(s)?
2
Let o = -130 - -1. Let p = o + 216. What is the tens digit of p?
8
What is the thousands digit of 100/(3 + 7/70*-29)?
1
Suppose -5*a - p + 63 = 0, 0 = -5*a + 2*p + 3 + 51. Let y be 40/a*12/10. Suppose -4*u - 24 = -l - y*l, 2*l + 3*u = 5. What is the units digit of l?
4
Suppose 18 = -5*l + 3*a - 14, 16 = -5*l - a. Let t(v) = 11*v**2 - 2*v. What is the units digit of t(l)?
4
Let k = 404 - 219. Suppose -k = -23*i + 18*i. What is the units digit of i?
